.
11
Let s(w) = w**3 - 4*w**2 - 2*w + 2. Calculate s(2).
-10
Let s(z) = z**3 + 21*z**2 + 79*z - 23. Give s(-16).
-7
Let c(w) = -3*w**3 - 3*w**2 + 3*w - 1. Calculate c(3).
-100
Let j(a) = 2*a - 50. What is j(15)?
-20
Let a(o) = -o**3 - 4*o**2 - 7*o - 7. Give a(-2).
-1
Let y(w) = -w**2 + 13*w + 4. Give y(13).
4
Let n(v) = -v**3 + 14*v**2 - 12*v - 2. Determine n(13).
11
Let b(j) = 2*j + 5. Calculate b(-7).
-9
Let a(l) = -l - 7. Give a(-2).
-5
Let n(c) = -7*c**2 - 2*c + 2. Give n(-2).
-22
Let h(w) = w**3 + 20*w**2 + 63*w - 21. Give h(-16).
-5
Let t(s) = 10*s - 112. Determine t(11).
-2
Let o(x) = x + 6. Give o(8).
14
Let w(m) = 9*m + 34. What is w(-4)?
-2
Let j(v) = -2*v**2 - 3*v + 9. What is j(-4)?
-11
Let g(j) = -27*j + 13. What is g(-3)?
94
Let l(u) = -u**3 - 6*u**2. Give l(-6).
0
Let k(v) = -v**3 - 16*v**2 + 17*v + 16. What is k(-17)?
16
Let b(p) = -55*p**2 - 2*p + 3. What is b(1)?
-54
Let y(j) = 2*j**3 + 16*j**2 + 13*j + 14. Calculate y(-7).
21
Let z(v) = 35*v - 1. Determine z(-2).
-71
Let a(v) = -7*v - 1. Determine a(6).
-43
Let a(j) = -3*j**3 + 2*j - 1. Give a(-3).
74
Let v(c) = -2*c**3 - 54*c**2 - 54*c - 53. Give v(-26).
-1
Let a(j) = 8*j - 12. Determine a(3).
12
Let p(x) = -10*x**3 + x + 6. What is p(-2)?
84
Let c(b) = b**3 - 9*b**2 + 13*b + 14. What is c(6)?
-16
Let t(u) = 26*u + 34. What is t(-2)?
-18
Let w(l) = l**3 + 4*l**2 - 10*l + 9. Give w(-6).
-3
Let y(v) = -v**3 - v**2 + 2*v - 4. What is y(-4)?
36
Let m(s) = s**3 + 12*s**2 + 4*s + 16. Give m(-12).
-32
Let u(k) = k**2 + 17*k + 43. Determine u(-14).
1
Let l(f) = -f - 16. Determine l(6).
-22
Let j(f) = 2*f**2 - f + 2. What is j(3)?
17
Let h(i) = -i**2 - 30*i + 46. Give h(-30).
46
Let f(r) = -29*r**3 + r**2 + r. Give f(-1).
29
Let b(t) = -t**3 + 12*t**2 + 12*t + 11. Calculate b(13).
-2
Let b(d) = 6*d**2 + 72*d + 1. Give b(-12).
1
Let u(s) = s + 17. What is u(-17)?
0
Let i(l) = -l**3 - 14*l**2 + 33*l + 278. Determine i(-15).
8
Let l(o) = -2*o**3 - 14*o**2 - 3*o - 1. Determine l(-7).
20
Let i(h) = h**2 + 2*h - 88. Give i(8).
-8
Let l(t) = -t - 8. Determine l(8).
-16
Let p(z) = -2*z - 69. Determine p(-35).
1
Let x(m) = -2*m**2 + 3*m + 7. Calculate x(3).
-2
Let u(g) = -7*g**2 + 2*g + 10. Give u(-3).
-59
Let n(d) = 7*d - 94. Give n(21).
53
Let d(w) = -7*w - 3. What is d(4)?
-31
Let z(k) = k**3 + 9*k**2 + 9*k + 19. Calculate z(-8).
11
Let p(r) = 2*r**3 - r**2 - 11*r - 5. Determine p(-2).
-3
Let d(f) = -f**3 + 15*f**2 - 14*f - 2. Give d(14).
-2
Let x(y) = -10*y + 3. Calculate x(1).
-7
Let l(g) = -7*g + 9. Give l(7).
-40
Let w(s) = -4*s - 179. Calculate w(-40).
-19
Let u(o) = o - 17. Determine u(11).
-6
Let p(f) = -21*f + 10. What is p(3)?
-53
Let k(u) = 7*u**2 - 5*u + 2. Determine k(-2).
40
Let g(k) = -28*k**2 - k - 7. What is g(-2)?
-117
Let x(p) = -8*p**3 - p**2 - 4*p - 2. Calculate x(-1).
9
Let y(f) = -2*f + 9. What is y(0)?
9
Let a(s) = -2*s**3 + 6*s**2 - 3*s + 1. Determine a(4).
-43
Let g(z) = z**3 + 9*z**2 - 12*z - 9. Determine g(-10).
11
Let v(j) = -j**3 - 6*j**2 + 2*j + 8. What is v(-6)?
-4
Let b(p) = -p. What is b(-12)?
12
Let b(u) = u**3 - 8*u**2 + 6*u - 4. Give b(6).
-40
Let c(r) = r**3 + 3*r**2 + r. What is c(-3)?
-3
Let d(g) = -g**3 + 3*g**2 + 2*g + 3. Calculate d(3).
9
Let d(y) = 2*y**2 + 4*y + 3. Give d(-1).
1
Let z(h) = h**2 - 79*h + 570. Calculate z(71).
2
Let w(j) = -7*j + 18. Give w(3).
-3
Let w(a) = 4*a - 2. Give w(-4).
-18
Let v(s) = s**3 - 11*s**2 - 10*s - 20. Calculate v(12).
4
Let o(i) = 67*i - 470. Give o(7).
-1
Let h(x) = 8*x + 147. What is h(-18)?
3
Let x(l) = -3*l**2 - 153*l - 9. Determine x(-51).
-9
Let m(q) = -5*q**3 - 3*q**2 - q. Calculate m(-2).
30
Let y(w) = w**3 + 3*w**2 - 9*w - 21. Calculate y(-3).
6
Let u(j) = j**2 + 2*j - 1. Give u(-3).
2
Let z(x) = x**3 + 8*x + 2. What is z(5)?
167
Let p(u) = 4*u**2 + 28*u + 69. Determine p(-6).
45
Let x(d) = -d**2 + d + 2. Determine x(0).
2
Let r(y) = y**3 - 6*y**2 - 3*y - 11. Calculate r(7).
17
Let f(z) = -2*z**3 + 20*z**2 - 16*z - 6. What is f(9)?
12
Let b(d) = -d**3 - 15*d**2 - 27*d - 16. Calculate b(-13).
-3
Let n(q) = q**2 - 25*q + 27. Calculate n(24).
3
Let t(m) = m**3 - 14*m**2 + 13*m + 12. Calculate t(13).
12
Let t(i) = 2*i + 23. Calculate t(-5).
13
Let o(i) = 95*i + 379. Determine o(-4).
-1
Let y(v) = v**3 + 14*v**2 - 15*v - 27. What is y(-15)?
-27
Let c(s) = 4*s**3 + 39*s**2 - 7*s - 12. Determine c(-10).
-42
Let f(t) = 42*t + 324. Determine f(-7).
30
Let p(v) = v**2 - 11*v - 19. Determine p(12).
-7
Let p(n) = -n**2 + 6*n + 6. Give p(7).
-1
Let z(q) = -q + 1. What is z(-16)?
17
Let w(j) = j**2 + 52*j - 164. Give w(-55).
1
Let o(s) = s**3 + 6*s**2 - 5*s - 1. Give o(-6).
29
Let i(o) = -49*o - 436. What is i(-9)?
5
Let b(y) = 3*y + 39. Give b(-17).
-12
Let l(o) = -o**3 - 4*o**2 + o - 8. What is l(0)?
-8
Let j(o) = o**3 + 5*o**2 - 26*o - 10. Give j(-8).
6
Let w(s) = -s**3 - 14*s**2 + 10. Determine w(-14).
10
Let y(o) = -o**3 - 5*o**2 + 4. Determine y(-5).
4
Let z(b) = -3*b**3 + b + 1. Determine z(-2).
23
Let h(f) = 21*f**3 - f**2 + 2*f - 1. What is h(1)?
21
Let a(j) = j - 13. Give a(7).
-6
Let c(y) = 2*y + 11. Determine c(-3).
5
Let t(f) = -f**2 + 16*f + 13. What is t(17)?
-4
Let w(g) = -6*g**2 - 33*g - 8. Give w(-5).
7
Let v(l) = l**2 + l + 2. Calculate v(0).
2
Let h(f) = -f**3 - 5*f**2 - 6*f - 7. Determine h(-5).
23
Let z(l) = l**3 - 7*l**2 - 16*l - 16. Give z(9).
2
Let c(a) = -38*a**3 - 2*a**2 + 5*a - 2. Give c(1).
-37
Let o(y) = -19*y - 15. What is o(-1)?
4
Let i(g) = g - 3. Determine i(-8).
-11
Let d(c) = 2*c**2 - 5*c + 1. Calculate d(3).
4
Let a(w) = -11*w - 85. What is a(-7)?
-8
Let x(s) = -s**2 - 9*s - 6. Determine x(-10).
-16
Let o(x) = -x**3 - 6*x**2 - 8*x - 3. Calculate o(-5).
12
Let a(g) = g**2 - 9*g + 6. Determine a(9).
6
Let m(k) = 3*k - 20. Determine m(7).
1
Let d(j) = -j**3 - 2*j**2 - 4*j - 3. Give d(-3).
18
Let k(c) = 14*c + 1. Calculate k(1).
15
Let n(l) = -2*l**2 - 7*l - 18. Calculate n(0).
-18
Let a(h) = 2*h - 6. Determine a(5).
4
Let c(k) = -k**2 - 8*k - 11. What is c(-7)?
-4
Let g(b) = b**3 + b**2 - 2*b - 7. Give g(0).
-7
Let h(y) = -4*y - 13. Calculate h(-7).
15
Let m(d) = -13*d - 82. Determine m(-6).
-4
Let h(f) = 4*f**2 - 16*f + 13. Give h(5).
33
Let t(q) = -3*q**2 + 27*q - 42. What is t(7)?
0
Let o(w) = 3*w + 20. What is o(-1)?
17
Let z(m) = -m**3 - 2*m**2 - 4. Calculate z(-3).
5
Let k(u) = u**3 - 34*u**2 + u - 28. What is k(34)?
6
Let i(r) = 9*r + 78. Give i(-11).
-21
Let l(s) = -s**2 - 8*s + 5. What is l(-8)?
5
Let j(w) = w**3 + 2*w**2 - 2*w + 3. Give j(-4).
-21
Let u(q) = q**3 + 5*q**2 + 3*q - 2. Give u(-5).
-17
Let u(b) = -2*b - 13. Determine u(-8).
3
Let b(v) = v**3 - 11*v**2 + 12*v - 17. What is b(10)?
3
Let q(a) = a**3 + 4*a**2 - a - 3. Calculate q(-4).
1
Let g(k) = -22*k + 126. Calculate g(7).
-28
Let w(v) = v**2 - 41*v - 224. What is w(46)?
6
Let t(p) = -2*p**2 + 27*p - 1. Calculate t(4).
75
Let j(q) = q**2 + 12*q - 6. Determine j(-12).
-6
Let d(h) = 2*h**3 - h**2 - 2*h - 3. Determine d(3).
36
Let n(v) = 11*v**2 + v - 1. Determine n(0).
-1
Let r(b) = -4*b - 3. Calculate r(2).
-11
Let r(d) = d**2 + 2*d - 9. Determine r(-7).
26
Let o(a) = a**3 - 11*a**2 - 18*a + 23. Give o(13).
127
Let v(w) = 9*w**3 + 2*w**2 + 2*w + 1. Calculate v(-2).
-67
Let y(u) = 12*u + 66. Give y(-6).
-6
Let s(r) = -r**2 - r + 1. Give s(1).
-1
Let w(s) = 9*s + 50. Give w(-5).
5
Let g(u) = u - 69. Give g(37).
-32
Let o(d) = -2*d**2 + d + 4. Determine o(-5).
-51
Let y(q) = -3*q - 17. What is y(-4)?
-5
Let j(q) = 3*q - 5. Determine j(3).
4
Let r(k) = -k**3 - 8*k**2 + 9*k + 3. Give r(-9).
3
Let j(h) = h**3 - 35*h**2 + 65*h + 42. Give j(33).
9
Let t(z) = 4*z - 38. Give t(12).
10
Let r(q) = -163*q - 493. Calculate r(-3).
-4
Let p(g) = g**3 - 3*g**2 - 4*g. Calculate p(4).
0
Let o(s) = 4*s - 17. What is o(6)?
7
Let u(x) = x**2 - 18*x - 23. Calculate u(17).
-40
Let z(p) = 3*p**2 + 7*p. What is z(-6)?
66
Let y(a) = -a**2 + 2*a. Calculate y(-3).
-15
Let j(y) = y**3 - 3*y**2 - 11*y + 33. Determine j(5).
28
Let x(v) = -v**3 - 10*v**2 - 10*v + 6. What is x(-8)?
-42
Let p(l) = -4*l - 7. What is p(-6)?
17
Let h(n) = -2*n**3 - 48*n**2 + 48*n - 27. Give h(-25).
23
Let y(n) = 12*n - 1. What is y(-1)?
-13
Let z(g) = -2*g + 9. What is z(4)?
1
Let d(l) = -l**3 + 6*l**2 - 7*l + 3. What is d(4)?
7
Let j(z) = -19*z**3 - z**2 + 2*z